 of v?
6
Suppose 6*c - 1029 = 1731. What is the units digit of c?
0
Let c(a) = a**3 + 7*a**2 + 6*a + 1. Let y be c(-6). Let s be 2/(8/52)*y. Let u = 7 + s. What is the tens digit of u?
2
Let z(o) = 543*o - 86. What is the tens digit of z(1)?
5
Let f(x) = -x**2 - 8*x - 8. Let a be f(-8). Let v = a + 8. Suppose v = -3*q - 0*q + 123. What is the tens digit of q?
4
Let g(z) = -2*z**3 - 2*z**2 + 2*z + 72. What is the units digit of g(0)?
2
What is the thousands digit of (-2)/18 - (-837102)/189?
4
Let o(w) be the first derivative of w**4/4 + 4*w**3/3 - 7*w**2/2 - 6*w + 4. What is the units digit of o(-5)?
4
Let m(n) = -35*n**2. Let p(b) = -351*b**2. Let r(x) = 39*m(x) - 4*p(x). What is the tens digit of r(1)?
3
Let o(z) = -z**3 - 37*z**2 - 47*z - 89. What is the hundreds digit of o(-36)?
3
Suppose 2*w = -5*c + 1067 + 201, c = 4*w - 2580. What is the tens digit of w?
4
Suppose -10*p + 5*p - n = -14813, 0 = 4*p + 2*n - 11848. What is the units digit of p?
3
Let w be 2/(8/(-76) - 0). Let m = 72 + w. What is the units digit of 2/(-3 - m/(-17))?
7
Let s(h) = 5*h**2 - 19. What is the units digit of s(-11)?
6
Suppose 0 = -p - 0*p. Suppose -r = -p*r + 42. What is the units digit of (r - -1)/((-1)/1)?
1
Suppose -61243 = 502*w - 515*w. What is the tens digit of w?
1
Suppose 6*z - 73 = 5. Let w = z - 8. Suppose -43 = w*n - 253. What is the tens digit of n?
4
Suppose 8*i - i - 21 = 0. What is the units digit of -1 + (i + -95)/(-4)?
2
Let c(l) = 5*l**2 + 4*l - 5. Suppose -8 + 32 = -6*t. What is the units digit of c(t)?
9
Suppose m = 3*m - 4. Suppose -2*n + m*q + 182 = -54, 2*q + 357 = 3*n. What is the tens digit of n?
2
Let l = -35 - -38. Suppose 329 = l*m + 20. What is the units digit of m?
3
Suppose -4*s = -7*s + 9. Suppose -s*b + 5*z = -177, z + 2*z = -9. What is the units digit of b?
4
Let h(d) = 6*d**2 + 2*d - 1. What is the tens digit of h(5)?
5
Let q be (-1395)/(-20) + (-1)/(-4). What is the tens digit of (-4 + q)/(-1 - -3)?
3
What is the tens digit of 3958 + 10/(-14)*-7?
6
Let y(p) be the third derivative of 13*p**5/60 + p**4/8 - p**3/3 + 13*p**2. Suppose 17 = i + 4*v, 0*v = 4*i - 4*v + 12. What is the tens digit of y(i)?
1
Let l be 4 + 4 - 0/2. Suppose 24 = 4*r - l. What is the units digit of r?
8
Let s(g) = -g**3 + 4*g**2 + 6*g - 2. Suppose 5*x - 7 = 18. Let o be s(x). Suppose -o*k - k = -5*a + 87, a = 4*k + 11. What is the units digit of a?
9
Suppose 3*g = 2*p + 6*g - 1884, -4756 = -5*p + 4*g. What is the hundreds digit of p?
9
Let x(a) = -a**3 + 3*a**2 + 3*a + 15. What is the hundreds digit of x(-5)?
2
Let k = 137 - 79. Let r = k + 1. What is the units digit of r?
9
Let m(i) = 610*i**2 + 4*i - 2. Let b be m(1). Let w = b + -400. What is the hundreds digit of w?
2
Let a = -182 + 2019. What is the tens digit of a?
3
Suppose 5 - 4 = j. Let o = 6 - j. Suppose k - 132 = -o*k. What is the tens digit of k?
2
Let t(r) = -r**2 + 5*r + 3. Let j be t(5). Let p be 2/3 - (-10)/j. Suppose -p*l - 7 = -z - 248, l - 69 = 2*z. What is the units digit of l?
9
Let l(q) = -73*q - 196. What is the units digit of l(-12)?
0
Let h(i) = -i**2 + 6*i + 5. Let d be h(7). What is the tens digit of ((-8)/(-16))/(d/(-116))?
2
Let u = 3542 - 1500. What is the units digit of u?
2
Let s = -480 + 889. What is the units digit of s?
9
Let d(p) = -12*p**3 + p**2 + 3*p - 3. Let k be d(2). Let q = k - -51. Let i = 14 - q. What is the units digit of i?
2
Let z(a) = a**2 - 24*a + 2. Let s be z(24). Suppose 0 = -s*p - h + 85 + 251, 0 = 4*h. What is the hundreds digit of p?
1
What is the tens digit of 5/30 - (-611)/6?
0
Let m(y) = -y - 22. Let w be m(-12). Let p be (-6)/w - 14/(-35). Let a = p + 10. What is the tens digit of a?
1
Let y = 31 - 43. Let n be 3564/858 + 4/(-26). What is the units digit of (14/n)/((-6)/y)?
7
Let x(w) be the first derivative of 25*w**3/3 - w**2 - 7*w + 10. Let s be x(3). Suppose s = 5*j + 2. What is the tens digit of j?
4
What is the tens digit of (12 - 7)*2505/25?
0
Suppose -s + 2238 - 386 = 2*l, s = -3*l + 1853. What is the units digit of s?
0
Let w = 9 - 7. Suppose 22 = f - 2*s + 7*s, 0 = -4*f + w*s + 198. What is the units digit of f?
7
Let z = 612 + -240. Suppose -627 = -9*l + z. What is the units digit of l?
1
Let p(k) = 0*k + 2*k**3 + 6*k - 5*k**2 + 4 - 10. What is the units digit of p(3)?
1
Suppose -o - 44 = -3*o + 2*n, 0 = 5*o + 2*n - 138. What is the tens digit of 32/(2 - 48/o)?
0
Suppose -85 = -3*x - 745. Let d = -132 - x. Suppose -6*p + d = -2*p. What is the units digit of p?
2
Let w(m) = 4*m - 21. Let c be w(-9). Let i be (-2)/(-4)*-3*14. Let d = i - c. What is the tens digit of d?
3
Let d(s) = -s**3 + 23*s**2 + 50*s + 21. What is the hundreds digit of d(24)?
6
Let v(g) = g**3 - 15*g - 8. What is the hundreds digit of v(8)?
3
Let f(t) = t - 8. Let u be f(7). Let d be ((-18)/(-8))/(u/4). Let b = 16 - d. What is the tens digit of b?
2
Suppose 25*a + 9072 = 32*a. What is the thousands digit of a?
1
Let h = -143 - -65. Let x = 42 + h. Let t = x - -69. What is the tens digit of t?
3
Let c be 0*(5 + 36/(-8)). Suppose c = -6*m + 3*m - 2*s + 493, m - 3*s = 157. What is the tens digit of m?
6
Let k(a) = -6*a + 36. Let p be (-52)/2 - (-6 + 15/5). What is the units digit of k(p)?
4
Suppose 454 = b + 2*s + 2*s, -2*b + 3*s + 908 = 0. What is the hundreds digit of b?
4
What is the units digit of (1 + 463)*(-2 - -4 - -2)?
6
Suppose -g = -7 - 61. Let a = g + -44. Suppose 0*s = 3*s - a. What is the units digit of s?
8
Let l(y) = 32*y + 12. Let g be l(6). Suppose 161 = -z + g. What is the tens digit of z?
4
Suppose 6*v - v + 40 = 0. Let g = -6 - v. Suppose g*m + 2*m - 108 = 0. What is the units digit of m?
7
Suppose -124 = -b + 37. Suppose 0 = 22*v - v - 84. Suppose 53 - b = -v*m. What is the tens digit of m?
2
Suppose -48*l = -46*l - 2544. What is the thousands digit of l?
1
Let d be (264/(-9))/((-2)/6). Let k = d - 18. What is the units digit of k?
0
Let x be 1 + (2 - 14) + 2. Let p(r) = 2*r - 2. Let j be p(-9). Let u = x - j. What is the tens digit of u?
1
Let t be 50/(-4) + 1 + (-1)/(-2). Let w(g) = -9*g - 25. What is the units digit of w(t)?
4
Let w = -44 + 40. What is the tens digit of 2 + (-2 - (w - 64))?
6
Let t(g) = 20*g - 13. Let n(w) = 20*w - 14. Let u(b) = 4*n(b) - 3*t(b). What is the tens digit of u(5)?
8
Let m = 126 + -27. Suppose 0 = 2*k, k - 29 = 5*l - m. What is the units digit of l?
4
Suppose 2*n - 23 = 5*j - 0*n, -23 = 4*j + 3*n. What is the tens digit of (70/j)/(-2 - (-27)/15)?
7
Let b(l) = -l**3 - 9*l**2 - 8*l + 11. Let m be b(-9). Suppose -88*n = -m*n - 400. What is the units digit of n?
0
Suppose h = 3145 + 551. What is the thousands digit of h?
3
Let f = -21 - 166. Let r = -126 - f. What is the tens digit of r?
6
Let b be (-29)/(-7) + -3 + 100/35. Suppose b = 8*h - 4*h. What is the units digit of h?
1
Suppose -5*i = -8*i. Let z(k) = -k**2 + 3*k + 5. What is the units digit of z(i)?
5
Suppose 2 = y - 1. Suppose 19 = 3*v + 2*a, 5*a - y = 7. Suppose -5*o + v*h = h - 65, 3*h = o - 2. What is the units digit of o?
7
What is the tens digit of (-312)/(-156) - 6170/(-2)?
8
Let f = -745 + 1075. What is the hundreds digit of f?
3
Suppose -3*t - 3*a + 5667 = 0, -4*t - 3*a - 2*a + 7552 = 0. What is the units digit of t?
3
Let y be (21/28)/(3/12). Suppose -y*c + 689 = 95. What is the units digit of c?
8
Let h = 167 - 102. Suppose o = -0*o + h. What is the tens digit of o?
6
Suppose -3*i = 5*y - 8*i - 17810, 0 = 4*y + 5*i - 14239. What is the units digit of y?
1
Suppose -4*h - 20 = 0, -2*p + 45 = -7*p + 5*h. Let m = -11 - p. Suppose t + 0 = m. What is the units digit of t?
3
Let i = 1839 - 799. What is the tens digit of i?
4
Let i be -1*(-1)/(-3)*-366. Suppose 14 = 4*p - i. Let u = p - 19. What is the units digit of u?
5
Suppose 0 = -3*i - i - 4*g + 116, -58 = -2*i + 4*g. Let k = i + -17. Suppose -5*u + 97 = k. What is the units digit of u?
7
Let b be (-1 - (1 + -2))/(-2). Suppose b = u + 14 - 8. Let q = u - -11. What is the units digit of q?
5
Suppose -2*j + 56 = 5*w - w, 3*j - 5*w - 95 = 0. Let a be (-6)/(-5)*j/(-9). Let h(c) = -c - 1. What is the units digit of h(a)?
3
Suppose 7857 = 3*y - 885. What is the units digit of y?
4
Let v be (-1)/(-4) - (-55)/20. Suppose z = -v - 14. What is the units digit of 2*(-1 + (1 - z))?
4
Suppose 0 = -3*h - 4*s + 6113, 